{"id":3088,"date":"2023-03-10T18:24:38","date_gmt":"2023-03-10T17:24:38","guid":{"rendered":"https:\/\/www.voicidesailes.net\/?page_id=3088"},"modified":"2024-01-07T15:39:54","modified_gmt":"2024-01-07T14:39:54","slug":"de-versailles-a-la-georgie-les-stats","status":"publish","type":"page","link":"https:\/\/www.voicidesailes.net\/index.php\/de-versailles-a-la-georgie-les-stats\/","title":{"rendered":"Cap \u00e0 l&rsquo;est \u2014 Les stat&rsquo;s"},"content":{"rendered":"<p>Nous sommes partis du 12 avril au 20 novembre 2023 (7,5 mois donc) et avons parcouru 11.832 km pour 151.845 m de d\u00e9nivel\u00e9 positif.<\/p>\n<p>Comme pour notre voyage en Am\u00e9rique du sud, sans l&rsquo;eau, la nourriture ni les v\u00e9los, J\u00e9r\u00f4me portait environ 25 kg, et C\u00e9line environ 20kg.<\/p>\n<p>Notre \u00e9tape moyenne : 78km, 1.000m de D+ et environ 5h00 de v\u00e9lo.<\/p>\n<p>C&rsquo;est plus qu&rsquo;en Am\u00e9rique du sud, avec en moyenne 1.600km\/mois (au lieu de 1.200). Peut-\u00eatre \u00e9tions nous plus aguerris, mais on pense \u00e9galement qu&rsquo;on a roul\u00e9 dans des meilleures conditions: temps plus sec, et moins de pistes.\u00a0\u00a0<\/p>\n<p>En d\u00e9tails, parce qu&rsquo;on aime toujours les stat&rsquo;s :<\/p>\n<ul>\n<li>Nous avons roul\u00e9 152 jours sur les 222 jours de voyage (en moyenne \u00e7a correspond \u00e0 5 jours sur 7),<\/li>\n<li>on a pass\u00e9 77 nuits sous la tente (env. 3 nuits \/ 7) et avons \u00e9t\u00e9 accueillis 38 nuits chez des gens (env. 1 nuit \/ 7).<\/li>\n<li>le reste du temps (quasiment la moiti\u00e9 quoi), nous \u00e9tions log\u00e9s en AirBnB ou \u00e0 l&rsquo;h\u00f4tel. A chaque fois que nous avons fait des pauses et\/ou visites de villes (30% du temps), et \u00e9galement beaucoup en octobre et novembre pour \u00e9chapper au mauvais temps.<\/li>\n<li>La plus longue distance journali\u00e8re : 127,1km,\u00a0<\/li>\n<li>Le plus grand d\u00e9nivel\u00e9 cumul\u00e9 journalier : +1.995 m<\/li>\n<li>L&rsquo;\u00e9tape la plus longue : 7 heures et demi de v\u00e9lo.<\/li>\n<\/ul>\n<p>Et voil\u00e0 nos \u00e9tapes au jour le jour :<\/p>\n\n<div class=\"wp-block-image\">\n<figure class=\"aligncenter size-large is-resized\"><img decoding=\"async\" loading=\"lazy\" src=\"http:\/\/www.voicidesailes.net\/wp-content\/uploads\/2023\/03\/excel-1024x1024.png\" alt=\"\" class=\"wp-image-3228\" width=\"111\" height=\"111\" srcset=\"https:\/\/www.voicidesailes.net\/wp-content\/uploads\/2023\/03\/excel-1024x1024.png 1024w, https:\/\/www.voicidesailes.net\/wp-content\/uploads\/2023\/03\/excel-300x300.png 300w, https:\/\/www.voicidesailes.net\/wp-content\/uploads\/2023\/03\/excel-150x150.png 150w, https:\/\/www.voicidesailes.net\/wp-content\/uploads\/2023\/03\/excel-768x768.png 768w, https:\/\/www.voicidesailes.net\/wp-content\/uploads\/2023\/03\/excel-1536x1536.png 1536w, https:\/\/www.voicidesailes.net\/wp-content\/uploads\/2023\/03\/excel.png 2000w\" sizes=\"(max-width: 111px) 100vw, 111px\" \/><\/figure><\/div>\n\n\n<p class=\"has-text-align-center\"><a rel=\"noreferrer noopener\" href=\"https:\/\/docs.google.com\/file\/d\/1DMc3tb-tLoX5pgzxrQWjZ9zZNlHwrH80\/edit?usp=docslist_api&amp;filetype=msexcel\" data-type=\"URL\" data-id=\"https:\/\/docs.google.com\/file\/d\/1DMc3tb-tLoX5pgzxrQWjZ9zZNlHwrH80\/edit?usp=docslist_api&amp;filetype=msexcel\" target=\"_blank\">Acc\u00e9der au fichier .xls<\/a><\/p>\n\n\n\n<p><\/p>\n\n\n\n<p><\/p>\n\n\n\n<p>Allez, on rajoute ici \u201dles milli\u00e8mes\u201d, sur un concept original emprunt\u00e9 \u00e0 Arthur et Sarah, nos compagnons voyageurs Suisse. D\u00e9s que l\u2019on roule 1000km de plus, on s\u2019arr\u00eate et on fait une photo :<\/p>\n\n\n\n<figure class=\"wp-block-gallery has-nested-images columns-1 is-cropped wp-block-gallery-1 is-layout-flex\">\n<figure class=\"wp-block-image size-large\"><a href=\"https:\/\/www.voicidesailes.net\/wp-content\/uploads\/2023\/05\/DSC02301.jpg\" data-lbwps-width=\"3648\" data-lbwps-height=\"2736\" data-lbwps-srcsmall=\"http:\/\/www.voicidesailes.net\/wp-content\/uploads\/2023\/05\/DSC02301-300x225.jpg\"><img decoding=\"async\" loading=\"lazy\" width=\"1024\" height=\"768\" data-id=\"4182\"  src=\"https:\/\/www.voicidesailes.net\/wp-content\/uploads\/2023\/05\/DSC02301-1024x768.jpg\" alt=\"\" class=\"wp-image-4182\" srcset=\"https:\/\/www.voicidesailes.net\/wp-content\/uploads\/2023\/05\/DSC02301-1024x768.jpg 1024w, https:\/\/www.voicidesailes.net\/wp-content\/uploads\/2023\/05\/DSC02301-300x225.jpg 300w, https:\/\/www.voicidesailes.net\/wp-content\/uploads\/2023\/05\/DSC02301-768x576.jpg 768w, https:\/\/www.voicidesailes.net\/wp-content\/uploads\/2023\/05\/DSC02301-1536x1152.jpg 1536w, https:\/\/www.voicidesailes.net\/wp-content\/uploads\/2023\/05\/DSC02301-2048x1536.jpg 2048w\" sizes=\"(max-width: 1024px) 100vw, 1024px\" \/><\/a><figcaption class=\"wp-element-caption\">1000km &#8211; J26 &#8211; 7 mai, avec Arthur, Marius, Sarah et Estelle, au bord du lac des 4 cantons 3km avant Lucerne, Suisse.<\/figcaption><\/figure>\n\n\n\n<figure class=\"wp-block-image size-large\"><a href=\"https:\/\/www.voicidesailes.net\/wp-content\/uploads\/2023\/05\/DSC02908.jpg\" data-lbwps-width=\"3648\" data-lbwps-height=\"2736\" data-lbwps-srcsmall=\"http:\/\/www.voicidesailes.net\/wp-content\/uploads\/2023\/05\/DSC02908-300x225.jpg\"><img decoding=\"async\" loading=\"lazy\" width=\"1024\" height=\"768\" data-id=\"4478\"  src=\"https:\/\/www.voicidesailes.net\/wp-content\/uploads\/2023\/05\/DSC02908-1024x768.jpg\" alt=\"\" class=\"wp-image-4478\" srcset=\"https:\/\/www.voicidesailes.net\/wp-content\/uploads\/2023\/05\/DSC02908-1024x768.jpg 1024w, https:\/\/www.voicidesailes.net\/wp-content\/uploads\/2023\/05\/DSC02908-300x225.jpg 300w, https:\/\/www.voicidesailes.net\/wp-content\/uploads\/2023\/05\/DSC02908-768x576.jpg 768w, https:\/\/www.voicidesailes.net\/wp-content\/uploads\/2023\/05\/DSC02908-1536x1152.jpg 1536w, https:\/\/www.voicidesailes.net\/wp-content\/uploads\/2023\/05\/DSC02908-2048x1536.jpg 2048w\" sizes=\"(max-width: 1024px) 100vw, 1024px\" \/><\/a><figcaption class=\"wp-element-caption\">200&#8230;9km &#8211; J45 &#8211; 26 mai, Col de Vr\u0161i\u010d, Slov\u00e9nie (Triglav).<\/figcaption><\/figure>\n\n\n\n<figure class=\"wp-block-image size-large\"><a href=\"https:\/\/www.voicidesailes.net\/wp-content\/uploads\/2023\/06\/DSC03342.jpg\" data-lbwps-width=\"3648\" data-lbwps-height=\"2736\" data-lbwps-srcsmall=\"http:\/\/www.voicidesailes.net\/wp-content\/uploads\/2023\/06\/DSC03342-300x225.jpg\"><img decoding=\"async\" loading=\"lazy\" width=\"1024\" height=\"768\" data-id=\"4953\"  src=\"https:\/\/www.voicidesailes.net\/wp-content\/uploads\/2023\/06\/DSC03342-1024x768.jpg\" alt=\"\" class=\"wp-image-4953\" srcset=\"https:\/\/www.voicidesailes.net\/wp-content\/uploads\/2023\/06\/DSC03342-1024x768.jpg 1024w, https:\/\/www.voicidesailes.net\/wp-content\/uploads\/2023\/06\/DSC03342-300x225.jpg 300w, https:\/\/www.voicidesailes.net\/wp-content\/uploads\/2023\/06\/DSC03342-768x576.jpg 768w, https:\/\/www.voicidesailes.net\/wp-content\/uploads\/2023\/06\/DSC03342-1536x1152.jpg 1536w, https:\/\/www.voicidesailes.net\/wp-content\/uploads\/2023\/06\/DSC03342-2048x1536.jpg 2048w\" sizes=\"(max-width: 1024px) 100vw, 1024px\" \/><\/a><figcaption class=\"wp-element-caption\">3000km &#8211; J65 &#8211; 15 juin, qq km avant Blagaj, Bosnie et Herz\u00e9govine <\/figcaption><\/figure>\n\n\n\n<figure class=\"wp-block-image size-large\"><a href=\"https:\/\/www.voicidesailes.net\/wp-content\/uploads\/2023\/07\/1000015783.jpg\" data-lbwps-width=\"3648\" data-lbwps-height=\"2736\" data-lbwps-srcsmall=\"http:\/\/www.voicidesailes.net\/wp-content\/uploads\/2023\/07\/1000015783-300x225.jpg\"><img decoding=\"async\" loading=\"lazy\" width=\"1024\" height=\"768\" data-id=\"5403\"  src=\"https:\/\/www.voicidesailes.net\/wp-content\/uploads\/2023\/07\/1000015783-1024x768.jpg\" alt=\"\" class=\"wp-image-5403\" srcset=\"https:\/\/www.voicidesailes.net\/wp-content\/uploads\/2023\/07\/1000015783-1024x768.jpg 1024w, https:\/\/www.voicidesailes.net\/wp-content\/uploads\/2023\/07\/1000015783-300x225.jpg 300w, https:\/\/www.voicidesailes.net\/wp-content\/uploads\/2023\/07\/1000015783-768x576.jpg 768w, https:\/\/www.voicidesailes.net\/wp-content\/uploads\/2023\/07\/1000015783-1536x1152.jpg 1536w, https:\/\/www.voicidesailes.net\/wp-content\/uploads\/2023\/07\/1000015783-2048x1536.jpg 2048w\" sizes=\"(max-width: 1024px) 100vw, 1024px\" \/><\/a><figcaption class=\"wp-element-caption\">4000km &#8211; J85 &#8211; 5 juillet, avec Jan et Kira entre Kuk\u00ebs et Peshkopi, Albanie<\/figcaption><\/figure>\n\n\n\n<figure class=\"wp-block-image size-large\"><a href=\"https:\/\/www.voicidesailes.net\/wp-content\/uploads\/2023\/08\/DSC04487.jpg\" data-lbwps-width=\"2434\" data-lbwps-height=\"1826\" data-lbwps-srcsmall=\"http:\/\/www.voicidesailes.net\/wp-content\/uploads\/2023\/08\/DSC04487-300x225.jpg\"><img decoding=\"async\" loading=\"lazy\" width=\"1024\" height=\"768\" data-id=\"5575\"  src=\"https:\/\/www.voicidesailes.net\/wp-content\/uploads\/2023\/08\/DSC04487-1024x768.jpg\" alt=\"\" class=\"wp-image-5575\" srcset=\"https:\/\/www.voicidesailes.net\/wp-content\/uploads\/2023\/08\/DSC04487-1024x768.jpg 1024w, https:\/\/www.voicidesailes.net\/wp-content\/uploads\/2023\/08\/DSC04487-300x225.jpg 300w, https:\/\/www.voicidesailes.net\/wp-content\/uploads\/2023\/08\/DSC04487-768x576.jpg 768w, https:\/\/www.voicidesailes.net\/wp-content\/uploads\/2023\/08\/DSC04487-1536x1152.jpg 1536w, https:\/\/www.voicidesailes.net\/wp-content\/uploads\/2023\/08\/DSC04487-2048x1536.jpg 2048w\" sizes=\"(max-width: 1024px) 100vw, 1024px\" \/><\/a><figcaption class=\"wp-element-caption\">5000km &#8211; J103 &#8211; 23 juillet, tout juste arriv\u00e9s au camping du lac de Dospat, Bulgarie<\/figcaption><\/figure>\n\n\n\n<figure class=\"wp-block-image size-large\"><a href=\"https:\/\/www.voicidesailes.net\/wp-content\/uploads\/2023\/08\/1000019197.jpg\" data-lbwps-width=\"3648\" data-lbwps-height=\"2736\" data-lbwps-srcsmall=\"http:\/\/www.voicidesailes.net\/wp-content\/uploads\/2023\/08\/1000019197-300x225.jpg\"><img decoding=\"async\" loading=\"lazy\" width=\"1024\" height=\"768\" data-id=\"5788\"  src=\"https:\/\/www.voicidesailes.net\/wp-content\/uploads\/2023\/08\/1000019197-1024x768.jpg\" alt=\"\" class=\"wp-image-5788\" srcset=\"https:\/\/www.voicidesailes.net\/wp-content\/uploads\/2023\/08\/1000019197-1024x768.jpg 1024w, https:\/\/www.voicidesailes.net\/wp-content\/uploads\/2023\/08\/1000019197-300x225.jpg 300w, https:\/\/www.voicidesailes.net\/wp-content\/uploads\/2023\/08\/1000019197-768x576.jpg 768w, https:\/\/www.voicidesailes.net\/wp-content\/uploads\/2023\/08\/1000019197-1536x1152.jpg 1536w, https:\/\/www.voicidesailes.net\/wp-content\/uploads\/2023\/08\/1000019197-2048x1536.jpg 2048w\" sizes=\"(max-width: 1024px) 100vw, 1024px\" \/><\/a><figcaption class=\"wp-element-caption\">6000km &#8211; J122 &#8211; 11 ao\u00fbt, en sortant d\u2019Akhisar, Turquie <\/figcaption><\/figure>\n\n\n\n<figure class=\"wp-block-image size-large\"><a href=\"https:\/\/www.voicidesailes.net\/wp-content\/uploads\/2023\/09\/DSC05355.jpg\" data-lbwps-width=\"3648\" data-lbwps-height=\"2736\" data-lbwps-srcsmall=\"http:\/\/www.voicidesailes.net\/wp-content\/uploads\/2023\/09\/DSC05355-300x225.jpg\"><img decoding=\"async\" loading=\"lazy\" width=\"1024\" height=\"768\" data-id=\"6002\"  src=\"https:\/\/www.voicidesailes.net\/wp-content\/uploads\/2023\/09\/DSC05355-1024x768.jpg\" alt=\"\" class=\"wp-image-6002\" srcset=\"https:\/\/www.voicidesailes.net\/wp-content\/uploads\/2023\/09\/DSC05355-1024x768.jpg 1024w, https:\/\/www.voicidesailes.net\/wp-content\/uploads\/2023\/09\/DSC05355-300x225.jpg 300w, https:\/\/www.voicidesailes.net\/wp-content\/uploads\/2023\/09\/DSC05355-768x576.jpg 768w, https:\/\/www.voicidesailes.net\/wp-content\/uploads\/2023\/09\/DSC05355-1536x1152.jpg 1536w, https:\/\/www.voicidesailes.net\/wp-content\/uploads\/2023\/09\/DSC05355-2048x1536.jpg 2048w\" sizes=\"(max-width: 1024px) 100vw, 1024px\" \/><\/a><figcaption class=\"wp-element-caption\">7000km &#8211; J137 &#8211; 26 ao\u00fbt, entre le lac d\u2019E\u011firdir et le lac de Beysehir, Turquie<\/figcaption><\/figure>\n\n\n\n<figure class=\"wp-block-image size-large\"><a href=\"https:\/\/www.voicidesailes.net\/wp-content\/uploads\/2023\/09\/DSC05754.jpg\" data-lbwps-width=\"3648\" data-lbwps-height=\"2736\" data-lbwps-srcsmall=\"http:\/\/www.voicidesailes.net\/wp-content\/uploads\/2023\/09\/DSC05754-300x225.jpg\"><img decoding=\"async\" loading=\"lazy\" width=\"1024\" height=\"768\" data-id=\"6221\"  src=\"https:\/\/www.voicidesailes.net\/wp-content\/uploads\/2023\/09\/DSC05754-1024x768.jpg\" alt=\"\" class=\"wp-image-6221\" srcset=\"https:\/\/www.voicidesailes.net\/wp-content\/uploads\/2023\/09\/DSC05754-1024x768.jpg 1024w, https:\/\/www.voicidesailes.net\/wp-content\/uploads\/2023\/09\/DSC05754-300x225.jpg 300w, https:\/\/www.voicidesailes.net\/wp-content\/uploads\/2023\/09\/DSC05754-768x576.jpg 768w, https:\/\/www.voicidesailes.net\/wp-content\/uploads\/2023\/09\/DSC05754-1536x1152.jpg 1536w, https:\/\/www.voicidesailes.net\/wp-content\/uploads\/2023\/09\/DSC05754-2048x1536.jpg 2048w\" sizes=\"(max-width: 1024px) 100vw, 1024px\" \/><\/a><figcaption class=\"wp-element-caption\">8000km &#8211; J155 &#8211; 13 septembre, \u00e0 S\u00fcrg\u00fc en route vers le Nemrut, Turquie<\/figcaption><\/figure>\n\n\n\n<figure class=\"wp-block-image size-large\"><a href=\"https:\/\/www.voicidesailes.net\/wp-content\/uploads\/2023\/10\/DSC06146.jpg\" data-lbwps-width=\"3648\" data-lbwps-height=\"2736\" data-lbwps-srcsmall=\"http:\/\/www.voicidesailes.net\/wp-content\/uploads\/2023\/10\/DSC06146-300x225.jpg\"><img decoding=\"async\" loading=\"lazy\" width=\"1024\" height=\"768\" data-id=\"6534\"  src=\"https:\/\/www.voicidesailes.net\/wp-content\/uploads\/2023\/10\/DSC06146-1024x768.jpg\" alt=\"\" class=\"wp-image-6534\" srcset=\"https:\/\/www.voicidesailes.net\/wp-content\/uploads\/2023\/10\/DSC06146-1024x768.jpg 1024w, https:\/\/www.voicidesailes.net\/wp-content\/uploads\/2023\/10\/DSC06146-300x225.jpg 300w, https:\/\/www.voicidesailes.net\/wp-content\/uploads\/2023\/10\/DSC06146-768x576.jpg 768w, https:\/\/www.voicidesailes.net\/wp-content\/uploads\/2023\/10\/DSC06146-1536x1152.jpg 1536w, https:\/\/www.voicidesailes.net\/wp-content\/uploads\/2023\/10\/DSC06146-2048x1536.jpg 2048w\" sizes=\"(max-width: 1024px) 100vw, 1024px\" \/><\/a><figcaption class=\"wp-element-caption\">9000km &#8211; J173 &#8211; 1er octobre, au bord du lac \u00c7ildir vers la fronti\u00e8re g\u00e9orgienne, Turquie.<\/figcaption><\/figure>\n\n\n\n<figure class=\"wp-block-image size-large\"><a href=\"https:\/\/www.voicidesailes.net\/wp-content\/uploads\/2023\/10\/DSC06410_1-1.jpg\" data-lbwps-width=\"3648\" data-lbwps-height=\"2736\" data-lbwps-srcsmall=\"http:\/\/www.voicidesailes.net\/wp-content\/uploads\/2023\/10\/DSC06410_1-1-300x225.jpg\"><img decoding=\"async\" loading=\"lazy\" width=\"1024\" height=\"768\" data-id=\"6647\"  src=\"https:\/\/www.voicidesailes.net\/wp-content\/uploads\/2023\/10\/DSC06410_1-1-1024x768.jpg\" alt=\"\" class=\"wp-image-6647\" srcset=\"https:\/\/www.voicidesailes.net\/wp-content\/uploads\/2023\/10\/DSC06410_1-1-1024x768.jpg 1024w, https:\/\/www.voicidesailes.net\/wp-content\/uploads\/2023\/10\/DSC06410_1-1-300x225.jpg 300w, https:\/\/www.voicidesailes.net\/wp-content\/uploads\/2023\/10\/DSC06410_1-1-768x576.jpg 768w, https:\/\/www.voicidesailes.net\/wp-content\/uploads\/2023\/10\/DSC06410_1-1-1536x1152.jpg 1536w, https:\/\/www.voicidesailes.net\/wp-content\/uploads\/2023\/10\/DSC06410_1-1-2048x1536.jpg 2048w\" sizes=\"(max-width: 1024px) 100vw, 1024px\" \/><\/a><figcaption class=\"wp-element-caption\">10.000km &#8211; J189 &#8211; 17 octobre, Igoumenitsa, sur le quai du ferry vers l\u2019Italie, Gr\u00e8ce.<\/figcaption><\/figure>\n\n\n\n<figure class=\"wp-block-image size-large\"><a href=\"https:\/\/www.voicidesailes.net\/wp-content\/uploads\/2023\/11\/DSC06711.jpg\" data-lbwps-width=\"3648\" data-lbwps-height=\"2736\" data-lbwps-srcsmall=\"http:\/\/www.voicidesailes.net\/wp-content\/uploads\/2023\/11\/DSC06711-300x225.jpg\"><img decoding=\"async\" loading=\"lazy\" width=\"1024\" height=\"768\" data-id=\"6861\"  src=\"https:\/\/www.voicidesailes.net\/wp-content\/uploads\/2023\/11\/DSC06711-1024x768.jpg\" alt=\"\" class=\"wp-image-6861\" srcset=\"https:\/\/www.voicidesailes.net\/wp-content\/uploads\/2023\/11\/DSC06711-1024x768.jpg 1024w, https:\/\/www.voicidesailes.net\/wp-content\/uploads\/2023\/11\/DSC06711-300x225.jpg 300w, https:\/\/www.voicidesailes.net\/wp-content\/uploads\/2023\/11\/DSC06711-768x576.jpg 768w, https:\/\/www.voicidesailes.net\/wp-content\/uploads\/2023\/11\/DSC06711-1536x1152.jpg 1536w, https:\/\/www.voicidesailes.net\/wp-content\/uploads\/2023\/11\/DSC06711-2048x1536.jpg 2048w\" sizes=\"(max-width: 1024px) 100vw, 1024px\" \/><\/a><figcaption class=\"wp-element-caption\">11.000km &#8211; J208 &#8211; 5 novembre, vers la Toscane, sous un grand vent (avec une mise au point rat\u00e9e!), Italie.<\/figcaption><\/figure>\n<\/figure>\n","protected":false},"excerpt":{"rendered":"<p>Nous sommes partis du 12 avril au 20 novembre 2023 (7,5 mois donc) et avons parcouru 11.832 km pour 151.845 m de d\u00e9nivel\u00e9 positif. Comme pour notre voyage en Am\u00e9rique du sud, sans l&rsquo;eau, la nourriture ni les v\u00e9los, J\u00e9r\u00f4me portait environ 25 kg, et C\u00e9line environ 20kg. Notre \u00e9tape moyenne : 78km, 1.000m de D+ et environ 5h00 de&#8230;<\/p>\n","protected":false},"author":2,"featured_media":0,"parent":0,"menu_order":4,"comment_status":"closed","ping_status":"closed","template":"","meta":{"inline_featured_image":false},"acf":[],"_links":{"self":[{"href":"https:\/\/www.voicidesailes.net\/index.php\/wp-json\/wp\/v2\/pages\/3088"}],"collection":[{"href":"https:\/\/www.voicidesailes.net\/index.php\/wp-json\/wp\/v2\/pages"}],"about":[{"href":"https:\/\/www.voicidesailes.net\/index.php\/wp-json\/wp\/v2\/types\/page"}],"author":[{"embeddable":true,"href":"https:\/\/www.voicidesailes.net\/index.php\/wp-json\/wp\/v2\/users\/2"}],"replies":[{"embeddable":true,"href":"https:\/\/www.voicidesailes.net\/index.php\/wp-json\/wp\/v2\/comments?post=3088"}],"version-history":[{"count":30,"href":"https:\/\/www.voicidesailes.net\/index.php\/wp-json\/wp\/v2\/pages\/3088\/revisions"}],"predecessor-version":[{"id":7136,"href":"https:\/\/www.voicidesailes.net\/index.php\/wp-json\/wp\/v2\/pages\/3088\/revisions\/7136"}],"wp:attachment":[{"href":"https:\/\/www.voicidesailes.net\/index.php\/wp-json\/wp\/v2\/media?parent=3088"}],"curies":[{"name":"wp","href":"https:\/\/api.w.org\/{rel}","templated":true}]}}