{"id":3083,"date":"2023-03-10T18:20:55","date_gmt":"2023-03-10T17:20:55","guid":{"rendered":"https:\/\/www.voicidesailes.net\/?page_id=3083"},"modified":"2023-12-13T23:56:56","modified_gmt":"2023-12-13T22:56:56","slug":"de-versailles-a-la-georgie-litineraire","status":"publish","type":"page","link":"https:\/\/www.voicidesailes.net\/index.php\/de-versailles-a-la-georgie-litineraire\/","title":{"rendered":"Cap \u00e0 l&rsquo;est&#8230;vers le Caucase"},"content":{"rendered":"\n<p>Nous sommes partis le 12 avril 2023 depuis notre chez nous au Chesnay et avons mis cap vers l\u2019Est : Istanbul par les Balkans dans un premier temps, puis la travers\u00e9e de la Turquie jusqu\u2019en G\u00e9orgie, avant de revenir tranquillement par la mer noire si c\u2019est possible ou par le train&#8230;<\/p>\n\n\n\n<p>Voici le projet avant le d\u00e9part (\u00e9videmment, ce n&rsquo;est qu&rsquo;un guide, et on adaptera librement au gr\u00e9 des rencontres et des inspirations). Une chose est s\u00fbre : il va falloir des cuisses !<\/p>\n\n\n\n<figure class=\"wp-block-gallery aligncenter has-nested-images columns-default is-cropped wp-block-gallery-1 is-layout-flex\">\n<figure class=\"wp-block-image size-full\"><a href=\"https:\/\/www.voicidesailes.net\/wp-content\/uploads\/2023\/04\/CaE_Projet.png\" data-lbwps-width=\"1852\" data-lbwps-height=\"766\" data-lbwps-srcsmall=\"http:\/\/www.voicidesailes.net\/wp-content\/uploads\/2023\/04\/CaE_Projet-300x124.png\"><img decoding=\"async\" loading=\"lazy\" width=\"1852\" height=\"766\" data-id=\"3626\"  src=\"https:\/\/www.voicidesailes.net\/wp-content\/uploads\/2023\/04\/CaE_Projet.png\" alt=\"\" class=\"wp-image-3626\" srcset=\"https:\/\/www.voicidesailes.net\/wp-content\/uploads\/2023\/04\/CaE_Projet.png 1852w, https:\/\/www.voicidesailes.net\/wp-content\/uploads\/2023\/04\/CaE_Projet-300x124.png 300w, https:\/\/www.voicidesailes.net\/wp-content\/uploads\/2023\/04\/CaE_Projet-1024x424.png 1024w, https:\/\/www.voicidesailes.net\/wp-content\/uploads\/2023\/04\/CaE_Projet-768x318.png 768w, https:\/\/www.voicidesailes.net\/wp-content\/uploads\/2023\/04\/CaE_Projet-1536x635.png 1536w\" sizes=\"(max-width: 1852px) 100vw, 1852px\" \/><\/a><figcaption class=\"wp-element-caption\">Le projet<\/figcaption><\/figure>\n<\/figure>\n\n\n\n<p><\/p>\n\n\n\n<p>Finalement, malgr\u00e9 les d\u00e9tours en chemin, nous sommes arriv\u00e9s en G\u00e9orgie plus tot que pr\u00e9vu&#8230;on a donc pris un bonus en faisant le retour en France par le sud de l\u2019Europe depuis Ath\u00e8nes jusqu\u2019\u00e0 Gap ! <\/p>\n\n\n\n<p>Retrouvez notre trace compl\u00e8te sur le site \u201dKomoot \u201d : <a rel=\"noreferrer noopener\" href=\"https:\/\/www.komoot.fr\/collection\/2390731\/-cap-a-l-est_blog\" data-type=\"URL\" data-id=\"Vous aimerez peut-\u00eatre cette Collection sur komoot \u2014 D\u00e9couvrez-l\u00e0 ! &quot;Cap \u00e0 l'est...vers le Caucase&quot; https:\/\/www.komoot.fr\/collection\/2050427\/-cap-a-l-est-vers-le-caucase\" target=\"_blank\">cliquez-ici<\/a><\/p>\n\n\n\n<figure class=\"wp-block-gallery has-nested-images columns-default is-cropped wp-block-gallery-3 is-layout-flex\">\n<figure class=\"wp-block-image size-large\"><img decoding=\"async\" loading=\"lazy\" width=\"1024\" height=\"523\" data-id=\"7082\"  src=\"http:\/\/www.voicidesailes.net\/wp-content\/uploads\/2023\/12\/Screenshot_20231120_181322_Komoot-1024x523.jpg\" alt=\"\" class=\"wp-image-7082\" srcset=\"https:\/\/www.voicidesailes.net\/wp-content\/uploads\/2023\/12\/Screenshot_20231120_181322_Komoot-1024x523.jpg 1024w, https:\/\/www.voicidesailes.net\/wp-content\/uploads\/2023\/12\/Screenshot_20231120_181322_Komoot-300x153.jpg 300w, https:\/\/www.voicidesailes.net\/wp-content\/uploads\/2023\/12\/Screenshot_20231120_181322_Komoot-768x392.jpg 768w, https:\/\/www.voicidesailes.net\/wp-content\/uploads\/2023\/12\/Screenshot_20231120_181322_Komoot-1536x785.jpg 1536w, https:\/\/www.voicidesailes.net\/wp-content\/uploads\/2023\/12\/Screenshot_20231120_181322_Komoot.jpg 1920w\" sizes=\"(max-width: 1024px) 100vw, 1024px\" \/><\/figure>\n<figcaption class=\"blocks-gallery-caption wp-element-caption\">Cap \u00e0 l\u2019Est (et retour !) &#8211; du 12 avril au 20 novembre 2023,<br>11.832km, 151.845m D+<\/figcaption><\/figure>\n\n\n\n<p><\/p>\n","protected":false},"excerpt":{"rendered":"<p>Nous sommes partis le 12 avril 2023 depuis notre chez nous au Chesnay et avons mis cap vers l\u2019Est : Istanbul par les Balkans dans un premier temps, puis la travers\u00e9e de la Turquie jusqu\u2019en G\u00e9orgie, avant de revenir tranquillement par la mer noire si c\u2019est possible ou par le train&#8230; Voici le projet avant le d\u00e9part (\u00e9videmment, ce n&rsquo;est&#8230;<\/p>\n","protected":false},"author":2,"featured_media":0,"parent":0,"menu_order":2,"comment_status":"closed","ping_status":"closed","template":"my-templates\/template-fullwidth.php","meta":{"inline_featured_image":false},"acf":[],"_links":{"self":[{"href":"https:\/\/www.voicidesailes.net\/index.php\/wp-json\/wp\/v2\/pages\/3083"}],"collection":[{"href":"https:\/\/www.voicidesailes.net\/index.php\/wp-json\/wp\/v2\/pages"}],"about":[{"href":"https:\/\/www.voicidesailes.net\/index.php\/wp-json\/wp\/v2\/types\/page"}],"author":[{"embeddable":true,"href":"https:\/\/www.voicidesailes.net\/index.php\/wp-json\/wp\/v2\/users\/2"}],"replies":[{"embeddable":true,"href":"https:\/\/www.voicidesailes.net\/index.php\/wp-json\/wp\/v2\/comments?post=3083"}],"version-history":[{"count":51,"href":"https:\/\/www.voicidesailes.net\/index.php\/wp-json\/wp\/v2\/pages\/3083\/revisions"}],"predecessor-version":[{"id":7100,"href":"https:\/\/www.voicidesailes.net\/index.php\/wp-json\/wp\/v2\/pages\/3083\/revisions\/7100"}],"wp:attachment":[{"href":"https:\/\/www.voicidesailes.net\/index.php\/wp-json\/wp\/v2\/media?parent=3083"}],"curies":[{"name":"wp","href":"https:\/\/api.w.org\/{rel}","templated":true}]}}

Cap à l&rsquo;est&#8230;vers le Caucase

<p>Nous sommes partis le 12 avril 2023 depuis notre chez nous au Chesnay et avons mis cap vers l’Est : Istanbul par les Balkans dans un premier temps, puis la traversée de la Turquie jusqu’en Géorgie, avant de revenir tranquillement par la mer noire si c’est possible ou par le train&#8230;</p>



<p>Voici le projet avant le départ (évidemment, ce n&rsquo;est qu&rsquo;un guide, et on adaptera librement au gré des rencontres et des inspirations). Une chose est sûre : il va falloir des cuisses !</p>



<figure class="wp-block-gallery aligncenter has-nested-images columns-default is-cropped wp-block-gallery-1 is-layout-flex">
<figure class="wp-block-image size-full"><a href="https://www.voicidesailes.net/wp-content/uploads/2023/04/CaE_Projet.png" data-lbwps-width="1852" data-lbwps-height="766" data-lbwps-srcsmall="http://www.voicidesailes.net/wp-content/uploads/2023/04/CaE_Projet-300x124.png"><img decoding="async" loading="lazy" width="1852" height="766" data-id="3626"  src="https://www.voicidesailes.net/wp-content/uploads/2023/04/CaE_Projet.png" alt="" class="wp-image-3626" srcset="https://www.voicidesailes.net/wp-content/uploads/2023/04/CaE_Projet.png 1852w, https://www.voicidesailes.net/wp-content/uploads/2023/04/CaE_Projet-300x124.png 300w, https://www.voicidesailes.net/wp-content/uploads/2023/04/CaE_Projet-1024x424.png 1024w, https://www.voicidesailes.net/wp-content/uploads/2023/04/CaE_Projet-768x318.png 768w, https://www.voicidesailes.net/wp-content/uploads/2023/04/CaE_Projet-1536x635.png 1536w" sizes="(max-width: 1852px) 100vw, 1852px" /></a><figcaption class="wp-element-caption">Le projet</figcaption></figure>
</figure>



<p></p>



<p>Finalement, malgré les détours en chemin, nous sommes arrivés en Géorgie plus tot que prévu&#8230;on a donc pris un bonus en faisant le retour en France par le sud de l’Europe depuis Athènes jusqu’à Gap ! </p>



<p>Retrouvez notre trace complète sur le site ”Komoot ” : <a rel="noreferrer noopener" href="https://www.komoot.fr/collection/2390731/-cap-a-l-est_blog" data-type="URL" data-id="Vous aimerez peut-être cette Collection sur komoot — Découvrez-là ! &quot;Cap à l'est...vers le Caucase&quot; https://www.komoot.fr/collection/2050427/-cap-a-l-est-vers-le-caucase" target="_blank">cliquez-ici</a></p>



<figure class="wp-block-gallery has-nested-images columns-default is-cropped wp-block-gallery-3 is-layout-flex">
<figure class="wp-block-image size-large"><img decoding="async" loading="lazy" width="1024" height="523" data-id="7082"  src="http://www.voicidesailes.net/wp-content/uploads/2023/12/Screenshot_20231120_181322_Komoot-1024x523.jpg" alt="" class="wp-image-7082" srcset="https://www.voicidesailes.net/wp-content/uploads/2023/12/Screenshot_20231120_181322_Komoot-1024x523.jpg 1024w, https://www.voicidesailes.net/wp-content/uploads/2023/12/Screenshot_20231120_181322_Komoot-300x153.jpg 300w, https://www.voicidesailes.net/wp-content/uploads/2023/12/Screenshot_20231120_181322_Komoot-768x392.jpg 768w, https://www.voicidesailes.net/wp-content/uploads/2023/12/Screenshot_20231120_181322_Komoot-1536x785.jpg 1536w, https://www.voicidesailes.net/wp-content/uploads/2023/12/Screenshot_20231120_181322_Komoot.jpg 1920w" sizes="(max-width: 1024px) 100vw, 1024px" /></figure>
<figcaption class="blocks-gallery-caption wp-element-caption">Cap à l’Est (et retour !) &#8211; du 12 avril au 20 novembre 2023,<br>11.832km, 151.845m D+</figcaption></figure>



<p></p>

<p>Nous sommes partis le 12 avril 2023 depuis notre chez nous au Chesnay et avons mis cap vers l’Est : Istanbul par les Balkans dans un premier temps, puis la traversée de la Turquie jusqu’en Géorgie, avant de revenir tranquillement par la mer noire si c’est possible ou par le train&#8230; Voici le projet avant le départ (évidemment, ce n&rsquo;est&#8230;</p>
